z - 5. Suppose 0 = -3*d - d + n - 16, 2*n - 20 = 4*d. Let f be c(d). What are the prime factors of (1 - f) + 0 + 83?
83
Let l be 72/14*(-84)/(-18). Suppose c = -c - l. What are the prime factors of (1768/c)/(4/(-6))?
13, 17
Let t be 2577/12 - 2/(-8). Suppose -t*n = -214*n - 246. List the prime factors of n.
2, 3, 41
Let u(n) = -2*n**2 - 33*n - 31. Let o be u(-16). Let l(w) = -24*w - 100. What are the prime factors of l(o)?
2, 5, 13
Let x be (-16)/(-10) - 6/(-15). Suppose x*f + 0*f = 3*s - 716, s + 2*f - 244 = 0. Suppose 3*w = -3*w + s. What are the prime factors of w?
2, 5
Suppose -2*q = 2*a - 8826, -4*q + 17664 = 52*a - 51*a. List the prime factors of q.
7, 631
Let m(b) = -48*b**2 + 10*b. Let w be m(1). Let d = 596 - w. What are the prime factors of d?
2, 317
Let d(f) = -2*f**3 + 49*f**2 - 33*f + 12. Let s be d(24). Let t = s + 1343. List the prime factors of t.
17, 67
Let n(z) = z**2 + 8*z + 277. Let r = -52 - -52. List the prime factors of n(r).
277
Suppose -89*g + 85*g + 472 = 0. Suppose -g*v + 119*v - 316 = 0. List the prime factors of v.
2, 79
Let v(y) = 12*y + 87. Let l be v(-7). Suppose 38 = -r - 3*b + 122, -132 = -2*r + l*b. What are the prime factors of r?
2, 3
Suppose 128 = 2*y - 4*m, -3*y + 326 = 3*m + 89. Suppose c + y = 232. What are the prime factors of c?
2, 79
Let a = 2 + 3. Suppose -a*b - 1182 = -11*b. Suppose 0 = 2*k + 5*l - b, -2*k + 192 = 4*l - 0*l. List the prime factors of k.
2, 43
Let w be (-72)/30 + 6/15. Let c be w/(-4)*(-6 - -9 - 177). Let g = 97 + c. List the prime factors of g.
2, 5
Suppose -7699 = -2*n + 3*w, 14214 = 3*n - 3*w + 2670. List the prime factors of n.
5, 769
Let a(w) = 86*w + 7651. What are the prime factors of a(-13)?
47, 139
Suppose 4*l = 4*a + 13168, 40*l - 3*a - 13169 = 36*l. What are the prime factors of l?
37, 89
Suppose 5*y = -5*u + 375, 7*u - 5*y = 2*u + 405. Suppose -u = 20*a - 1978. What are the prime factors of a?
5, 19
Let y be 3/7 - (-9)/((-252)/(-128)). Suppose -10*s + 600 = -y*s + 5*b, 0 = 5*s - 5*b - 550. What are the prime factors of s?
5, 23
Suppose -486 = 3*f - 24. Let k = -92 - f. Suppose 3*h = -11 + k. List the prime factors of h.
17
Let v = -271 + 8126. What are the prime factors of v?
5, 1571
Suppose r - 75 = -j, -5*r + 12*j - 15*j + 369 = 0. What are the prime factors of r/(-252) - (-1 - (-8740)/(-14))?
5
Let w = 99 + -91. Suppose 30 + 2 = w*v. Let s(y) = 20*y - 16. What are the prime factors of s(v)?
2
Let m be (-122)/(-4)*(-6 - -4). Let f(l) = -l**3 + 31*l**2 - 117. Let g be f(31). Let q = m - g. What are the prime factors of q?
2, 7
Let b = 40309 + -22144. List the prime factors of b.
3, 5, 7, 173
Let w(p) = -p + 1. Let r(c) = -61*c - 11. Let o(d) = -r(d) + 2*w(d). List the prime factors of o(5).
2, 7, 11
Let n be ((-8060)/(-30) + 8)/(2/3). Let x = n - -776. What are the prime factors of x?
3, 397
Suppose 98*x - 99*x = 3*h - 4354, -2*h = 5*x - 21705. List the prime factors of x.
4339
Let i(f) = -46*f - 3. Let z be i(-2). Let r = 67 - z. Let v = 75 + r. What are the prime factors of v?
53
Suppose 2*h + 226 = 6*c - c, 0 = -h - 3*c - 102. Let y = 209 - h. List the prime factors of y.
317
Let m = -861 - -1393. List the prime factors of 738/7 - (-19)/(m/(-12)).
3, 5, 7
Let g be 385/56 - (-2)/16. Suppose -2 = -x - g. What are the prime factors of -43*((-4 - -8) + x)?
43
Let w = -50432 - -88102. List the prime factors of w.
2, 5, 3767
Suppose 868 = -p + 4*s, -3*s + 2696 = -4*p - 802. List the prime factors of p*(6 - 1)/(-15).
2, 73
Let r be 1/2 - 9/(-6). Suppose -2*b - 10 = -2*c, r*b = -3*c + 6*c - 10. Let f(h) = -h**3 + 99. List the prime factors of f(c).
3, 11
List the prime factors of 2/(((-15)/(-300))/(1772/32)).
5, 443
What are the prime factors of 6*759/(-396)*((2 - 94) + 2)?
3, 5, 23
Let z = 110 - -46. Let a be (1386/(-165))/((-3)/40*-2). Let c = a + z. List the prime factors of c.
2, 5
Let l(f) = f**2 + 6*f + 22. Let o be l(-4). List the prime factors of (704/112)/(2/o).
2, 11
Suppose -84*f + 98*f - 119394 = -4874. List the prime factors of f.
2, 5, 409
Suppose -2*v = -6, o - 14229 = -33*v + 30*v. List the prime factors of o.
2, 3, 5, 79
Suppose -3*m - 4*y + 7*y + 8505 = 0, 2*m - 4*y = 5676. List the prime factors of m.
2, 3, 59
Let t(w) = w**2 - 11. Let x be t(-4). Suppose 0*p - 4*z - 4 = -4*p, -x*p + z = -21. List the prime factors of -7*1*p/((-15)/33).
7, 11
What are the prime factors of 4/(-3) + (-27426269)/(-771)?
3, 71, 167
Suppose -8*p = -24*p - 1056. Let t = 193 - p. What are the prime factors of t?
7, 37
Suppose 3*a = 15, 1049 = 4*o - 2*o + 5*a. Let t = o + -209. List the prime factors of t.
3, 101
Let p(v) = 12626*v - 678. List the prime factors of p(3).
2, 3, 5, 31
List the prime factors of (2/(-10))/(58/(-2468770)).
8513
Suppose -17 = -5*w + j - 0, 18 = 4*w - 3*j. Suppose 3*y + 2*q = -3*q + 222, w*y = 3*q + 198. Suppose -9 = -u + y. List the prime factors of u.
2, 3, 13
Let w(s) = s**3 - 109*s**2 - 63*s + 337. What are the prime factors of w(110)?
5507
What are the prime factors of 95/10*(-102 - -1898)?
2, 19, 449
Suppose 6128 = 4*a + 15*b - 11*b, 0 = 5*a + 3*b - 7670. Suppose -24*y + 6983 = -a. What are the prime factors of y?
5, 71
Suppose -2*l - t - 42 = 14, -112 = 4*l + t. Let p = 1084 - 961. Let g = p - l. List the prime factors of g.
151
Suppose 2*f - 4*f = 3*f. Suppose -2*d - 5*l = 16, -5*d - 71 = -f*d - 3*l. Let b = d - -104. What are the prime factors of b?
7, 13
Let u(k) = -233*k + 71. Let q be u(-9). Suppose -q = -11*f + 1110. What are the prime factors of f?
2, 149
Let i(o) = 3*o + 3*o - 2*o + 104*o**2 - 3*o - 2*o - 3. What are the prime factors of i(3)?
2, 3, 5, 31
Suppose -v + 17 = -3*b, 0 = -v - 4*b + 1 - 19. Suppose y + 2 = v*y. Suppose y*a = -46 + 150. What are the prime factors of a?
2, 13
Let r(g) = -2*g**3 - 17*g**2 + 4*g + 15. Let n = 522 - 534. What are the prime factors of r(n)?
3, 5, 13
Let a = 441 - -703. List the prime factors of a.
2, 11, 13
Suppose 14*u - 43611 = -u + 135699. What are the prime factors of u?
2, 43, 139
Suppose -9*x + 60789 = -16296. Suppose -15*j = -12870 - x. What are the prime factors of j?
1429
Let d(j) = 3*j**2 + 18*j + 85. Let z be d(-19). Suppose 5*q - 73 - z = -2*f, 2*q = -6. What are the prime factors of f?
457
Let z be (-66)/(-10) + (-18)/(-45). Let x(t) = -53*t**2 - 5 - 2*t - 5*t + 2*t**3 - 8*t + 45*t**2. What are the prime factors of x(z)?
2, 23
Let q(r) be the second derivative of 3*r**4 + 25*r**3/6 + 2*r**2 - 3*r + 3. List the prime factors of q(3).
13, 31
Let b(x) = 314*x + 259. What are the prime factors of b(14)?
5, 7, 19
Let k(y) = -54*y + 6. Suppose 0 = -0*m - 7*m + 14. Let j be k(m). Let d = -38 - j. What are the prime factors of d?
2
Let i = 30261 + -12253. List the prime factors of i.
2, 2251
Let q(r) = -5*r**3 - 11*r**2 + 13*r + 9. Let a be 3/(-5 - (-18)/4). What are the prime factors of q(a)?
3, 5, 41
Let f = 36 - 31. Suppose -4*j - 5*i + 1072 = -1182, -i = -f*j + 2803. List the prime factors of j.
3, 11, 17
Let f = 412 + 3676. What are the prime factors of f?
2, 7, 73
Let d = 42 + -35. Let o(n) = 3*n - 18. Let w be o(d). Suppose 5*k = f - 63, 0 = -3*f - w*k + 2*k + 125. List the prime factors of f.
43
Suppose 3*v = 3*t - 75534, 2*v - 60438 + 161148 = 4*t. List the prime factors of t.
17, 1481
Let t be -3*21 - 16/8. Suppose 0 = 4*w + p - 6*p - 410, 0 = 4*w + 3*p - 426. Let a = t + w. List the prime factors of a.
2, 5
Let g(z) = -z**3 - 9*z**2 + 6*z - 9. Let w be g(-9). Let k = w - -62. List the prime factors of (-146)/(-2) + (k - -2).
2, 37
Suppose 817*v = 821*v - 1724. Suppose 37*t = 5*i + 33*t - 2110, -t + v = i. List the prime factors of i.
2, 3, 71
Let n(k) = -8069*k - 15. What are the prime factors of n(-1)?
2, 4027
Suppose -21 = -u - 0*u + 2*m, 3*u - 59 = 5*m. Suppose 1025 = 14*i - u*i. List the prime factors of i.
5, 41
Suppose 5*q = 8 + 7. Suppose 476 = q*b - 2*p, 5*p = -3*b + 4*p + 473. Let m = 277 - b. List the prime factors of m.
7, 17
Suppose 0 = -8*i + 5*i - 5*d + 33, 4*i - 5*d = 44. Suppose -6*r + i*r = 2125. List the prime factors of r.
5, 17
Let g = 87 + -95. List the prime factors of 2/g - 17744/(-64).
277
Let x = 87 + -1085. Let v = -670 - x. What are the prime factors of v?
2, 41
Let c(r) be the first derivative of -r**4/4 + 11*r**3/3 - 3*r**2/2 + 9*r + 7. List the prime f